base 11, what is -aaa - -106?
-9a4
In base 9, what is -1 + 4378?
4377
In base 4, what is 23 + 310022211?
310022300
In base 14, what is 405c - -5?
4063
In base 15, what is 2 + -53989?
-53987
In base 8, what is -24 + -5446?
-5472
In base 7, what is -10532 - 12?
-10544
In base 12, what is -1a98 - -41?
-1a57
In base 12, what is -26 + -10ba?
-1124
In base 2, what is -11001111011 - -1011100?
-11000011111
In base 4, what is -11 + -1220100?
-1220111
In base 16, what is -ea - 37?
-121
In base 7, what is 63 + 2366?
2462
In base 16, what is 0 - 19cae?
-19cae
In base 6, what is 223 - -433?
1100
In base 14, what is -57b4 - 0?
-57b4
In base 13, what is -3 + -609?
-60c
In base 5, what is 421440 - 0?
421440
In base 2, what is 10110101 + 10101100?
101100001
In base 6, what is -203224 - 2?
-203230
In base 2, what is 10100000 - -100001010110101?
100001101010101
In base 5, what is 230102 - -3?
230110
In base 2, what is 110 - -1011101010110001?
1011101010110111
In base 11, what is -7 + -3761?
-3768
In base 9, what is 18575 + 5?
18581
In base 16, what is -1c3c47 + 3?
-1c3c44
In base 14, what is 5d1 + 67?
658
In base 10, what is -1 - 39259?
-39260
In base 12, what is -3 + 3b40b?
3b408
In base 12, what is 5 - -7885?
788a
In base 7, what is -203130 - 4?
-203134
In base 6, what is 310 + 3015?
3325
In base 16, what is -2 - 9f46?
-9f48
In base 10, what is -1 - -347384?
347383
In base 14, what is -81b + -19?
-836
In base 8, what is -2704724 - 3?
-2704727
In base 10, what is 58 - -3136?
3194
In base 7, what is -1 + 1212134?
1212133
In base 16, what is 5211f - 5?
5211a
In base 15, what is -2c6bad - 4?
-2c6bb2
In base 7, what is -56 - -5126?
5040
In base 11, what is -55 - 177a5?
-1784a
In base 14, what is 4 - 27685?
-27681
In base 7, what is 4 - 105615?
-105611
In base 5, what is -433044 - -1?
-433043
In base 12, what is -16360 - -a?
-16352
In base 15, what is -4 - -46d3?
46ce
In base 6, what is 1300104 + 3?
1300111
In base 4, what is 2222302 - 203?
2222033
In base 3, what is 10 - 221000?
-220220
In base 10, what is -26 + 39642?
39616
In base 6, what is -5 - 224233?
-224242
In base 5, what is -142 - -3422140?
3421443
In base 14, what is 40191c - -1?
40191d
In base 13, what is 222 - 53?
19c
In base 6, what is 5 + 33410441?
33410450
In base 10, what is -4 - -132228?
132224
In base 13, what is -1 + a619a?
a6199
In base 2, what is 100 + -10000101010000001011?
-10000101010000000111
In base 9, what is 15 - 262168?
-262153
In base 12, what is 0 + -26a2b?
-26a2b
In base 12, what is 101 - -1800?
1901
In base 10, what is -452 + -225?
-677
In base 13, what is 1a66c - -5?
1a674
In base 7, what is -2023424 + 2?
-2023422
In base 8, what is 4 + -50407?
-50403
In base 7, what is -465 - 6616?
-10414
In base 9, what is 3 - 2423?
-2420
In base 7, what is 5 + -501311?
-501303
In base 11, what is -10a872 - 4?
-10a876
In base 9, what is 154104 - 5?
154088
In base 6, what is 5113453 + 5?
5113502
In base 16, what is 5 - -13d26?
13d2b
In base 4, what is -111320303 - 1?
-111320310
In base 4, what is -1 - -1002231?
1002230
In base 14, what is -8 + 2b46?
2b3c
In base 12, what is 318 + -2009?
-18b1
In base 10, what is 1 + -739670?
-739669
In base 7, what is 11434650 + 5?
11434655
In base 5, what is -400 - 1022214?
-1023114
In base 8, what is -13011 + -31?
-13042
In base 3, what is -120 - -200111210110?
200111202220
In base 11, what is 4 - 8734?
-8730
In base 16, what is -19e2 + db?
-1907
In base 16, what is -2e3ebe + 4?
-2e3eba
In base 16, what is 933 - -6a?
99d
In base 16, what is 3264 + -ce?
3196
In base 8, what is -4175261 - -4?
-4175255
In base 6, what is -14542 + 125?
-14413
In base 6, what is 55 - -520?
1015
In base 2, what is 100 + 100000110101111011?
100000110101111111
In base 12, what is 0 + -22166?
-22166
In base 16, what is -722 + -2c7?
-9e9
In base 14, what is 0 - -4b57?
4b57
In base 10, what is -3 - -63580?
63577
In base 16, what is -c - -dd4?
dc8
In base 3, what is -10 + -211112120021?
-211112120101
In base 15, what is 203890 - 0?
203890
In base 14, what is 1a - -642?
65c
In base 16, what is 164 + b51?
cb5
In base 12, what is 2326 - -16?
2340
In base 13, what is 49 + 273?
2bc
In base 3, what is -2210021 - -11010?
-2122011
In base 8, what is -733445 - 2?
-733447
In base 10, what is 15 - -7853?
7868
In base 8, what is -13700430 + 3?
-13700425
In base 7, what is 220 - 420?
-200
In base 14, what is -9559d + -5?
-955a4
In base 7, what is -1 + 553313?
553312
In base 14, what is -245 + 12?
-233
In base 8, what is 43 + -10143?
-10100
In base 7, what is -26 - 5656?
-6015
In base 15, what is 237 - -1b?
253
In base 8, what is 773615 + 2?
773617
In base 14, what is 2 - -24456?
24458
In base 10, what is 328699 + 5?
328704
In base 9, what is 80 + 2446?
2536
In base 2, what is 101 + 110111000110110?
110111000111011
In base 7, what is -3 - -635326?
635323
In base 10, what is 4 + 12120?
12124
In base 14, what is 12 + 9ddb?
a00d
In base 13, what is -cb + -a3c?
-b3a
In base 15, what is 3 - 4ed05?
-4ed02
In base 7, what is -134546 - 0?
-134546
In base 2, what is -101 + 1000001010?
1000000101
In base 15, what is -121e - 239?
-1458
In base 3, what is -10 + 200001220222?
200001220212
In base 3, what is -1 + 1011220001?
1011220000
In base 3, what is -2022 + -221012?
-1000111
In base 2, what is -1011110111 + -101100111?
-10001011110
In base 5, what is -4243 - -131?
-4112
In base 6, what is 2 - 1312104?
-1312102
In base 4, what is 11 + 200210220?
200210231
In base 4, what is -3002021 + 11?
-3002010
In base 13, what is 163 - 726?
-593
In base 12, what is 4a0 - 33?
469
In base 10, what is -6299914 + 0?
-6299914
In base 3, what is -200122102 + 2?
-200122100
In base 5, what is -14 - -10124?
10110
In base 8, what is -72 - 13335?
-13427
In base 15, what is -6 - 2a7b?
-2a82
In base 6, what is -343540 - -3?
-343533
In base 4, what is 30103021 + 312?
30103333
In base 7, what is -11 - 32555?
-32566
In base 3, what is -2222210 - -222?
-2221211
In base 14, what is 48 + -182b?
-17c3
In base 11, what is 303662 - -2?
303664
In base 16, what is b067c + 2?
b067e
In base 5, what is -1234 + -4332?
-11121
In base 8, what is -72363 - -35?
-72326
In base 11, what is 129a + 143?
1432
In base 8, what is -5016270 + -5?
-5016275
In base 9, what is -274136 + 1?
-274135
In base 9, what is 4 - -664345?
664350
In base 8, what is 6244 - 4?
6240
In base 11, what is -11 + 1917?
1906
In base 5, what is -240213114 + 2?
-240213112
In base 5, what is -420221 - -1031?
-414140
In base 7, what is 30 + 15163?
15223
In base 6, what is 10055 + 1?
10100
In base 12, what is 2 - 28480?
-2847a
In base 14, what is -17d11 + 22?
-17ccd
In base 2, what is 10 + 11001000110110?
11001000111000
In base 4, what is 123012 + -1132?
121220
In base 15, what is 6 - -2432c?
24333
In base 8, what is -2276270 - -1?
-2276267
In base 5, what is 1201 - -1114122?
1120323
In base 11, what is -66 + 205?
14a
In base 8, what is -15017170 + -3?
-15017173
In base 4, what is -2 - -1021301?
1021233
In base 14, what is 2 + -178d6?
-178d4
In base 12, what is 528 + 63?
58b
In base 6, what is -355 + 423?
24
In base 10, what is 17556 - 5?
17551
In base 9, what is 283 - -14785?
15178
In base 16, what is -5685 - -1?
-5684
In base 5, what is 2404 + -2203?
201
In base 2, what is 1000 + 100001010111?
100001011111
In base 12, what is -1 + -20080?
-20081
In base 5, what is -2 + 10231402?
10231400
In base 16, what is c2b3 - 3?
c2b0
In base 14, what is 1c19c + 3?
1c1a1
In base 6, what is -10552 - -4214?
-2334
In base 16, what is -8d5a + 0?
-8d5a
In base 7, what is -412 - -63?
-316
In base 10, what is -1868 + 10?
-1858
In base 15, what is b - -9ba8?
9bb4
In base 4, what is -13 - -11121313?
11121300
In base 4, what is 32012 - -1131?
33203
In base 12, what is -31a - 1738?
-1a56
In base 4, what is -23 - 30122?
-30211
In base 3, what is 210002200010 - 10?
210002200000
In base 15, what is -16b318 - -5?
-16b313
In base 15, what is -15a0 + -3?
-15a3
In base 16, what is 1807 - 6f?
1798
In base 12, what is 259 + 592?
82b
In base 7, what is 325 + 304?
632
In base 14, what is 99856 + 5?
9985b
In base 9, what is 0 + 11012?
11012
In base 10, what is -688 + 1466?
778
In base 8, what is -6 - 31112?
-31120
In base 14, what is 20 - -21b49?
21b69
In base 3, what is -1101010 + 2111?
-1021122
In base 5, what is -11 + 1